{"id":369,"date":"2020-08-06T11:37:56","date_gmt":"2020-08-06T14:37:56","guid":{"rendered":"https:\/\/kaltcontabilidade.com.br\/?page_id=369"},"modified":"2020-08-07T10:40:27","modified_gmt":"2020-08-07T13:40:27","slug":"servicos","status":"publish","type":"page","link":"https:\/\/kaltcontabilidade.com.br\/index.php\/servicos\/","title":{"rendered":"Nossos Servi\u00e7os"},"content":{"rendered":"\n<div class=\"wp-block-themeisle-blocks-advanced-columns alignfull has-1-columns has-desktop-equal-layout has-tablet-equal-layout has-mobile-equal-layout has-nogap-gap has-vertical-unset\" id=\"wp-block-themeisle-blocks-advanced-columns-57bfef66\"><div class=\"wp-block-themeisle-blocks-advanced-columns-overlay\"><\/div><div class=\"innerblocks-wrap\">\n<div class=\"wp-block-themeisle-blocks-advanced-column\" id=\"wp-block-themeisle-blocks-advanced-column-88849554\">\n<div id=\"wp-block-themeisle-blocks-advanced-heading-002152ca\" class=\"wp-block-themeisle-blocks-advanced-heading wp-block-themeisle-blocks-advanced-heading-002152ca\">&nbsp;<\/div>\n\n\n\n<h2 id=\"wp-block-themeisle-blocks-advanced-heading-df23d1df\" class=\"wp-block-themeisle-blocks-advanced-heading wp-block-themeisle-blocks-advanced-heading-df23d1df\">Nossos Servi\u00e7os<\/h2>\n\n\n\n<div id=\"wp-block-themeisle-blocks-advanced-heading-6f0f35a6\" class=\"wp-block-themeisle-blocks-advanced-heading wp-block-themeisle-blocks-advanced-heading-6f0f35a6\">Conhe\u00e7a um pouco sobre os servi\u00e7os que oferecemos<\/div>\n\n\n\n<div class=\"wp-block-themeisle-blocks-advanced-columns has-3-columns has-desktop-equal-layout has-tablet-equal-layout has-mobile-collapsedRows-layout has-nogap-gap has-vertical-unset\" id=\"wp-block-themeisle-blocks-advanced-columns-f4d5db45\"><div class=\"wp-block-themeisle-blocks-advanced-columns-overlay\"><\/div><div class=\"innerblocks-wrap\">\n<div class=\"wp-block-themeisle-blocks-advanced-column\" id=\"wp-block-themeisle-blocks-advanced-column-abaf1f32\">\n<div class=\"wp-block-themeisle-blocks-service\">\n<p class=\"wp-block-themeisle-blocks-font-awesome-icons\" id=\"wp-block-themeisle-blocks-font-awesome-icons-83293f68\"><span class=\"wp-block-themeisle-blocks-font-awesome-icons-container\"><i class=\"fas fa-chart-bar\"><\/i><\/span><\/p>\n\n\n\n<div id=\"wp-block-themeisle-blocks-advanced-heading-69e74342\" class=\"wp-block-themeisle-blocks-advanced-heading wp-block-themeisle-blocks-advanced-heading-69e74342\">CONTABILIDADE<\/div>\n\n\n\n<p id=\"wp-block-themeisle-blocks-advanced-heading-7a0b5c1a\" class=\"wp-block-themeisle-blocks-advanced-heading wp-block-themeisle-blocks-advanced-heading-7a0b5c1a\">&#8211; Contabilidade Patrimonial<br><br>&#8211; Emiss\u00e3o e envio de relat\u00f3rios<br> <br>&#8211; Escritura\u00e7\u00e3o de livros cont\u00e1beis<br><br>&#8211; An\u00e1lise de consist\u00eancia<br><br>&#8211; Demonstrativos financeiros<br><br>&#8211; Balan\u00e7o patrimonial<br><br>&#8211; Balancete sint\u00e9tico \/ anal\u00edtico <br><br>&#8211; Demonstrativo de resultados<br><br>&#8211; Relat\u00f3rios gerenciais<br><br>&#8211; Guias \/ Informativos<br><\/p>\n<\/div>\n<\/div>\n\n\n\n<div class=\"wp-block-themeisle-blocks-advanced-column\" id=\"wp-block-themeisle-blocks-advanced-column-2670760a\">\n<div class=\"wp-block-themeisle-blocks-service\">\n<p class=\"wp-block-themeisle-blocks-font-awesome-icons\" id=\"wp-block-themeisle-blocks-font-awesome-icons-48f0c34c\"><span class=\"wp-block-themeisle-blocks-font-awesome-icons-container\"><i class=\"fas fa-dollar-sign\"><\/i><\/span><\/p>\n\n\n\n<div id=\"wp-block-themeisle-blocks-advanced-heading-688f0db5\" class=\"wp-block-themeisle-blocks-advanced-heading wp-block-themeisle-blocks-advanced-heading-688f0db5\">TRABALHISTA<\/div>\n\n\n\n<p id=\"wp-block-themeisle-blocks-advanced-heading-22dec819\" class=\"wp-block-themeisle-blocks-advanced-heading wp-block-themeisle-blocks-advanced-heading-22dec819\">&#8211; Admiss\u00e3o e demiss\u00e3o de empregados<br><br>&#8211; Folha de pagamento<br><br>&#8211; INSS, FGTS, Contribui\u00e7\u00f5es Patronais e laborais<br><br>&#8211; Obriga\u00e7\u00f5es acess\u00f3rias (CAGED, RAIS, DIRF, eSOCIAL, etc.)<br><br>&#8211; 13\u00ba Sal\u00e1rio<br><br>&#8211; Aviso e recibo de f\u00e9rias<br><br>&#8211; Envio de informa\u00e7\u00f5es Conectividade Social<\/p>\n\n\n\n<p><\/p>\n<\/div>\n<\/div>\n\n\n\n<div class=\"wp-block-themeisle-blocks-advanced-column\" id=\"wp-block-themeisle-blocks-advanced-column-4f9991e5\">\n<div class=\"wp-block-themeisle-blocks-service\">\n<p class=\"wp-block-themeisle-blocks-font-awesome-icons\" id=\"wp-block-themeisle-blocks-font-awesome-icons-8351db79\"><span class=\"wp-block-themeisle-blocks-font-awesome-icons-container\"><i class=\"fas fa-directions\"><\/i><\/span><\/p>\n\n\n\n<div id=\"wp-block-themeisle-blocks-advanced-heading-30e56f54\" class=\"wp-block-themeisle-blocks-advanced-heading wp-block-themeisle-blocks-advanced-heading-30e56f54\">DEPARTAMENTO FISCAL<\/div>\n\n\n\n<p id=\"wp-block-themeisle-blocks-advanced-heading-42ef5fab\" class=\"wp-block-themeisle-blocks-advanced-heading wp-block-themeisle-blocks-advanced-heading-42ef5fab\">&#8211; Escritura\u00e7\u00e3o de notas fiscais<br><br>&#8211; Apura\u00e7\u00e3o de impostos<br><br>&#8211; Emiss\u00e3o de guias<br><br>&#8211; Obriga\u00e7\u00f5es acess\u00f3rias (Municipal, Estadual e Federal)<br><br>&#8211; Livros Fiscais<br><br>&#8211; Comparativos tribut\u00e1rios<br><br>&#8211; Auditoria e retifica\u00e7\u00e3o de arquivos<br><br>&#8211; Revis\u00e3o de apura\u00e7\u00f5es<br><\/p>\n\n\n\n<p><\/p>\n<\/div>\n<\/div>\n<\/div><\/div>\n\n\n\n<div class=\"wp-block-themeisle-blocks-advanced-columns has-3-columns has-desktop-equal-layout has-tablet-equal-layout has-mobile-collapsedRows-layout has-nogap-gap has-vertical-unset\" id=\"wp-block-themeisle-blocks-advanced-columns-21ec8493\"><div class=\"wp-block-themeisle-blocks-advanced-columns-overlay\"><\/div><div class=\"innerblocks-wrap\">\n<div class=\"wp-block-themeisle-blocks-advanced-column\" id=\"wp-block-themeisle-blocks-advanced-column-ac8c5560\">\n<div class=\"wp-block-themeisle-blocks-service\">\n<p class=\"wp-block-themeisle-blocks-font-awesome-icons\" id=\"wp-block-themeisle-blocks-font-awesome-icons-bd12145d\"><span class=\"wp-block-themeisle-blocks-font-awesome-icons-container\"><i class=\"fas fa-tv\"><\/i><\/span><\/p>\n\n\n\n<div id=\"wp-block-themeisle-blocks-advanced-heading-a56ce13f\" class=\"wp-block-themeisle-blocks-advanced-heading wp-block-themeisle-blocks-advanced-heading-a56ce13f\">Processos<br>Constitui\u00e7\u00e3o, Altera\u00e7\u00e3o e Extin\u00e7\u00e3o<\/div>\n\n\n\n<p id=\"wp-block-themeisle-blocks-advanced-heading-51f4e595\" class=\"wp-block-themeisle-blocks-advanced-heading wp-block-themeisle-blocks-advanced-heading-51f4e595\">&#8211; Orienta\u00e7\u00e3o e abertura e altera\u00e7\u00e3o de empresas<br><br>&#8211; Elabora\u00e7\u00e3o de certid\u00f5es para encaminhamento dos processos<br><br>&#8211; Certificados e certid\u00f5es com outras finalidades<br><br>&#8211; Pedido de segunda via de documentos extraviados<br><br>&#8211; Declara\u00e7\u00f5es \u00e0 pra\u00e7a para publica\u00e7\u00f5es em jornais<br><br>&#8211; Elabora\u00e7\u00e3o de cadastros de bancos e fornecedores<br><br>&#8211; Abertura de livros, autentica\u00e7\u00e3o e registro<br><br>&#8211; Controle cadastral da empresa<br><br>&#8211; Cadastro de titulares ou s\u00f3cios<br><br>&#8211; Alvar\u00e1s para funcionamento, entre outros<\/p>\n\n\n\n<p><\/p>\n<\/div>\n<\/div>\n\n\n\n<div class=\"wp-block-themeisle-blocks-advanced-column\" id=\"wp-block-themeisle-blocks-advanced-column-0e2d137c\">\n<div class=\"wp-block-themeisle-blocks-service\">\n<p class=\"wp-block-themeisle-blocks-font-awesome-icons\" id=\"wp-block-themeisle-blocks-font-awesome-icons-c46e9771\"><span class=\"wp-block-themeisle-blocks-font-awesome-icons-container\"><i class=\"far fa-calendar-plus\"><\/i><\/span><\/p>\n\n\n\n<div id=\"wp-block-themeisle-blocks-advanced-heading-52e8ec28\" class=\"wp-block-themeisle-blocks-advanced-heading wp-block-themeisle-blocks-advanced-heading-52e8ec28\">Consultoria Tribut\u00e1ria<\/div>\n\n\n\n<p id=\"wp-block-themeisle-blocks-advanced-heading-eeae8592\" class=\"wp-block-themeisle-blocks-advanced-heading wp-block-themeisle-blocks-advanced-heading-eeae8592\">&#8211; Orienta\u00e7\u00e3o sobre regimes tribut\u00e1rios;<br><br>&#8211; Acompanhamento da legisla\u00e7\u00e3o quanto a normas espec\u00edficas;<br><br>&#8211; Confer\u00eancia tribut\u00e1ria dos produtos e opera\u00e7\u00f5es;<br><br>&#8211; Comparativos tribut\u00e1rios;<br><br>&#8211; Planejamento Tribut\u00e1rio;<br><br>&#8211; Levantamento de custos;<br><br>&#8211; Recupera\u00e7\u00e3o de Cr\u00e9ditos tribut\u00e1rios;<\/p>\n\n\n\n<p><\/p>\n<\/div>\n<\/div>\n\n\n\n<div class=\"wp-block-themeisle-blocks-advanced-column\" id=\"wp-block-themeisle-blocks-advanced-column-9485c560\">\n<div class=\"wp-block-themeisle-blocks-service\">\n<p class=\"wp-block-themeisle-blocks-font-awesome-icons\" id=\"wp-block-themeisle-blocks-font-awesome-icons-d77952a9\"><span class=\"wp-block-themeisle-blocks-font-awesome-icons-container\"><i class=\"fas fa-medal\"><\/i><\/span><\/p>\n\n\n\n<div id=\"wp-block-themeisle-blocks-advanced-heading-ac97a278\" class=\"wp-block-themeisle-blocks-advanced-heading wp-block-themeisle-blocks-advanced-heading-ac97a278\">Levantamento Patrimonial<\/div>\n\n\n\n<p id=\"wp-block-themeisle-blocks-advanced-heading-2be4b0bc\" class=\"wp-block-themeisle-blocks-advanced-heading wp-block-themeisle-blocks-advanced-heading-2be4b0bc\">&#8211; Levantamento de Ativos tang\u00edveis da organiza\u00e7\u00e3o;<br><br>&#8211; Recupera\u00e7\u00e3o de cr\u00e9ditos de deprecia\u00e7\u00f5es;<br><br>&#8211; Etiquetamento;<br><br>&#8211; Controle dos bens patrimoniais;<br><br>&#8211; Livro patrimonal<br><br>&#8211; Separa\u00e7\u00e3o de setores e categorias<\/p>\n\n\n\n<p><\/p>\n<\/div>\n<\/div>\n<\/div><\/div>\n\n\n\n<div class=\"wp-block-themeisle-blocks-advanced-columns has-3-columns has-desktop-equal-layout has-tablet-equal-layout has-mobile-collapsedRows-layout has-nogap-gap has-vertical-unset\" id=\"wp-block-themeisle-blocks-advanced-columns-86b2edaf\"><div class=\"wp-block-themeisle-blocks-advanced-columns-overlay\"><\/div><div class=\"innerblocks-wrap\">\n<div class=\"wp-block-themeisle-blocks-advanced-column\" id=\"wp-block-themeisle-blocks-advanced-column-b8c880db\">\n<div class=\"wp-block-themeisle-blocks-service\">\n<p class=\"wp-block-themeisle-blocks-font-awesome-icons\" id=\"wp-block-themeisle-blocks-font-awesome-icons-cf4fd352\"><span class=\"wp-block-themeisle-blocks-font-awesome-icons-container\"><i class=\"fas fa-tv\"><\/i><\/span><\/p>\n\n\n\n<div id=\"wp-block-themeisle-blocks-advanced-heading-0aa742db\" class=\"wp-block-themeisle-blocks-advanced-heading wp-block-themeisle-blocks-advanced-heading-0aa742db\">Assessoria Financeira<\/div>\n\n\n\n<p id=\"wp-block-themeisle-blocks-advanced-heading-940198b6\" class=\"wp-block-themeisle-blocks-advanced-heading wp-block-themeisle-blocks-advanced-heading-940198b6\">&#8211; Projetos financeiros;<br><br>&#8211; An\u00e1lise de viabilidades do neg\u00f3cio;<br><br>&#8211; Verifica\u00e7\u00e3o de \u00edndices de liquidez;<br><br>&#8211; Verifica\u00e7\u00e3o de \u00edndices de endividamento;<br><br>&#8211; Levantamento de custos<br><br>&#8211; Verifica\u00e7\u00e3o da margem de lucro<br><br>&#8211; Verifica\u00e7\u00e3o de \u00edndices de rentabilidade<\/p>\n\n\n\n<p><\/p>\n<\/div>\n<\/div>\n\n\n\n<div class=\"wp-block-themeisle-blocks-advanced-column\" id=\"wp-block-themeisle-blocks-advanced-column-b7f62ba9\">\n<div class=\"wp-block-themeisle-blocks-service\">\n<p class=\"wp-block-themeisle-blocks-font-awesome-icons\" id=\"wp-block-themeisle-blocks-font-awesome-icons-898934aa\"><span class=\"wp-block-themeisle-blocks-font-awesome-icons-container\"><i class=\"far fa-calendar-plus\"><\/i><\/span><\/p>\n\n\n\n<div id=\"wp-block-themeisle-blocks-advanced-heading-48838195\" class=\"wp-block-themeisle-blocks-advanced-heading wp-block-themeisle-blocks-advanced-heading-48838195\">Cursos e Treinamentos<\/div>\n\n\n\n<p id=\"wp-block-themeisle-blocks-advanced-heading-da2c8df5\" class=\"wp-block-themeisle-blocks-advanced-heading wp-block-themeisle-blocks-advanced-heading-da2c8df5\">&#8211; Treinamento para Escrit\u00f3rios e empresas;<br><br>&#8211; Treinamentos e cursos in loco;<br><br>&#8211; Desenvolvimento e capacita\u00e7\u00e3o profissional<\/p>\n\n\n\n<p><\/p>\n<\/div>\n<\/div>\n\n\n\n<div class=\"wp-block-themeisle-blocks-advanced-column\" id=\"wp-block-themeisle-blocks-advanced-column-45d16272\">\n<div class=\"wp-block-themeisle-blocks-service\">\n<p class=\"wp-block-themeisle-blocks-font-awesome-icons\" id=\"wp-block-themeisle-blocks-font-awesome-icons-bf56574d\"><span class=\"wp-block-themeisle-blocks-font-awesome-icons-container\"><i class=\"fas fa-medal\"><\/i><\/span><\/p>\n\n\n\n<div id=\"wp-block-themeisle-blocks-advanced-heading-9fffe8bf\" class=\"wp-block-themeisle-blocks-advanced-heading wp-block-themeisle-blocks-advanced-heading-9fffe8bf\">Parceria e Apoio Cont\u00e1bil<\/div>\n\n\n\n<p id=\"wp-block-themeisle-blocks-advanced-heading-b40ad836\" class=\"wp-block-themeisle-blocks-advanced-heading wp-block-themeisle-blocks-advanced-heading-b40ad836\">&#8211; Terceiriza\u00e7\u00e3o de escritura\u00e7\u00e3o de documentos cont\u00e1beis, fiscais e pessoal.<br><br>&#8211; Parceirias com escrit\u00f3rios cont\u00e1beis\/advocat\u00edcios<\/p>\n\n\n\n<p><\/p>\n<\/div>\n<\/div>\n<\/div><\/div>\n\n\n\n<div class=\"wp-block-themeisle-blocks-advanced-columns has-3-columns has-desktop-equal-layout has-tablet-equal-layout has-mobile-collapsedRows-layout has-nogap-gap has-vertical-unset\" id=\"wp-block-themeisle-blocks-advanced-columns-ad440313\"><div class=\"wp-block-themeisle-blocks-advanced-columns-overlay\"><\/div><div class=\"innerblocks-wrap\">\n<div class=\"wp-block-themeisle-blocks-advanced-column\" id=\"wp-block-themeisle-blocks-advanced-column-aed7f6b8\">\n<div class=\"wp-block-themeisle-blocks-service\">\n<p><\/p>\n<\/div>\n<\/div>\n\n\n\n<div class=\"wp-block-themeisle-blocks-advanced-column\" id=\"wp-block-themeisle-blocks-advanced-column-8b7cec0c\">\n<div class=\"wp-block-themeisle-blocks-service\">\n<p><\/p>\n<\/div>\n<\/div>\n\n\n\n<div class=\"wp-block-themeisle-blocks-advanced-column\" id=\"wp-block-themeisle-blocks-advanced-column-7df21623\">\n<div class=\"wp-block-themeisle-blocks-service\">\n<p><\/p>\n<\/div>\n<\/div>\n<\/div><\/div>\n<\/div>\n<\/div><\/div>\n","protected":false},"excerpt":{"rendered":"","protected":false},"author":1,"featured_media":0,"parent":0,"menu_order":0,"comment_status":"closed","ping_status":"closed","template":"","meta":{"neve_meta_sidebar":"full-width","neve_meta_container":"","neve_meta_enable_content_width":"on","neve_meta_content_width":100,"neve_meta_title_alignment":"","neve_meta_author_avatar":"","neve_post_elements_order":"","neve_meta_disable_header":"","neve_meta_disable_footer":"","neve_meta_disable_title":"on","_themeisle_gutenberg_block_has_review":false},"_links":{"self":[{"href":"https:\/\/kaltcontabilidade.com.br\/index.php\/wp-json\/wp\/v2\/pages\/369"}],"collection":[{"href":"https:\/\/kaltcontabilidade.com.br\/index.php\/wp-json\/wp\/v2\/pages"}],"about":[{"href":"https:\/\/kaltcontabilidade.com.br\/index.php\/wp-json\/wp\/v2\/types\/page"}],"author":[{"embeddable":true,"href":"https:\/\/kaltcontabilidade.com.br\/index.php\/wp-json\/wp\/v2\/users\/1"}],"replies":[{"embeddable":true,"href":"https:\/\/kaltcontabilidade.com.br\/index.php\/wp-json\/wp\/v2\/comments?post=369"}],"version-history":[{"count":16,"href":"https:\/\/kaltcontabilidade.com.br\/index.php\/wp-json\/wp\/v2\/pages\/369\/revisions"}],"predecessor-version":[{"id":402,"href":"https:\/\/kaltcontabilidade.com.br\/index.php\/wp-json\/wp\/v2\/pages\/369\/revisions\/402"}],"wp:attachment":[{"href":"https:\/\/kaltcontabilidade.com.br\/index.php\/wp-json\/wp\/v2\/media?parent=369"}],"curies":[{"name":"wp","href":"https:\/\/api.w.org\/{rel}","templated":true}]}}